t is the remainder when u is divided by v?
20
Let f(j) be the second derivative of -2*j**3/3 - 3*j**2/2 + 2*j. What is the remainder when f(-6) is divided by 11?
10
Suppose -3*c - c + 68 = 0. Let x(n) = 26*n - 4. Calculate the remainder when x(2) is divided by c.
14
Let g(k) = -k**3 - 3*k**2 + 4*k + 1. Let w be g(-3). Let s = w + 3. Calculate the remainder when 10 is divided by s/6*(-2 - 1).
2
Suppose -5*c + 21 = -2*c. Let o = 32 - c. Calculate the remainder when 73 is divided by o.
23
Let g = 13 - -45. What is the remainder when g is divided by 10?
8
Suppose 5*o - 245 = 5*m, -3*o = -o + 2*m - 102. Calculate the remainder when o is divided by 13.
11
Calculate the remainder when 103 is divided by (135/6 - (-3)/6) + -2.
19
Let l(j) = -2*j - 21. What is the remainder when 27 is divided by l(-14)?
6
Suppose 4*w = l + 63, 0 = 5*w + 2*l + 2 - 71. What is the remainder when 39 is divided by w?
9
Let j be ((-48)/10)/(-1)*5. What is the remainder when ((-16)/j)/((-1)/63) is divided by 11?
9
Suppose -5*o + 45 = 2*a, -2*o + 7*o - 135 = -5*a. Calculate the remainder when a is divided by 16.
14
Let q be 0/((-6)/(-3) - 1). Suppose 0*w + 2*w - 76 = q. Calculate the remainder when w is divided by (13/2)/((-1)/(-2)).
12
What is the remainder when (0 - 4 - -3)*-74 is divided by 15?
14
Suppose 5*k - 117 = -2*n, 2*n - 25 = -k - 0*k. Calculate the remainder when 91 is divided by k.
22
Suppose -11*a = -6*a + 3*s - 103, -3*a + 65 = s. Calculate the remainder when a is divided by 8.
7
Let j = -12 + 33. Calculate the remainder when 39 is divided by j.
18
Let v = 75 - 49. Let m be 2*-2*(-42)/8. Suppose -4*j + 15 = -m. Calculate the remainder when v is divided by j.
8
Suppose -3 - 5 = -4*r. Let b be 1*r*5*-1. What is the remainder when 40 is divided by -5*(62/b - -2)?
19
What is the remainder when 145 is divided by ((-111)/(-6))/((3/(-1))/(-6))?
34
Let b(t) = t**3 + 10*t**2 - 11*t + 9. Calculate the remainder when b(-11) is divided by 5.
4
Let y = 10 + -7. What is the remainder when ((-2)/y)/((-4)/150) is divided by 7?
4
Let x(m) = 48*m**2 + m + 1. Calculate the remainder when x(1) is divided by 13.
11
Let t = 17 + -3. Calculate the remainder when 26 is divided by t.
12
Let v(t) = 3*t**2 - t + 1. Let u = 133 + -79. Calculate the remainder when u is divided by v(2).
10
Let j be -1*(-6)/9*3. Suppose j = 2*g - 2. Suppose -2*z = -5*c - 45, g*c + 2*c + 15 = z. What is the remainder when z is divided by 18?
17
Let g(i) = i**3 - 8*i**2 - 2*i + 10. Let a be g(8). Suppose 2*w + 5*l = -1, -2*w + 1 = l + 6. Calculate the remainder when (-248)/a - w/(-9) is divided by 11.
8
Let l = 5 - -30. Calculate the remainder when l is divided by 12.
11
Suppose 5*o - o = -36. Let y(w) = -23*w**3 + w**2 + 2*w + 1. Calculate the remainder when y(-1) is divided by (-2)/6 - 75/o.
7
Suppose g + g = 66. Calculate the remainder when 96 is divided by g.
30
Let y = -131 + 221. What is the remainder when 21 is divided by ((-2)/(-6))/(5/y)?
3
Suppose 4*d = -65 - 75. Let i = 74 + d. Calculate the remainder when i is divided by 10.
9
Suppose 4*s - 5 = 31. Suppose -73 = -5*o - 3*l + s, -3*o - 2*l = -50. What is the remainder when o is divided by (1/(-1))/1 + 9?
6
Suppose 168 = 4*w + 3*w. What is the remainder when (-3)/1*-3*5 is divided by w?
21
Suppose 30 = 15*f - 10*f. What is the remainder when 14 is divided by f?
2
Let h(q) = -6*q**2 - 5*q + 3. Let b be h(3). Calculate the remainder when (45/6)/(3/8) is divided by ((-4)/(-6))/((-4)/b).
9
Let o = 19 - 12. Let v(h) = 7*h - 9. Let n be v(11). What is the remainder when o is divided by 4/18 + n/18?
3
Let o(t) = -t**2 + 10*t - 4. Suppose 4*r + 3*j - 38 + 10 = 0, -2*j - 14 = -2*r. What is the remainder when 48 is divided by o(r)?
14
Suppose 5 + 0 = -f. Let p = f - 10. Calculate the remainder when (-396)/p + (-4)/10 is divided by 14.
12
What is the remainder when ((-1)/3)/((30/189)/(-10)) is divided by 5?
1
Let q = -5 - -8. Suppose -q*o + 9 = 0, -5*o = c - 13 - 6. Suppose -35 = -c*x - x. What is the remainder when x is divided by 4?
3
Suppose 0 = -2*n, 0*o - 4*o - 5*n = -28. Suppose 4*m - 2*m = -3*y + o, -5*y - 7 = m. Suppose 2*v - 3*v = -m. Calculate the remainder when v is divided by 5.
3
What is the remainder when 54 is divided by -5*(-3 - (2 + -2))?
9
Let w(h) = h**2 - 3*h - 5. What is the remainder when 155 is divided by w(-3)?
12
Let w = -149 - -190. What is the remainder when 285 is divided by w?
39
Let i(d) = 145*d**2 - 2*d - 1. Let g be i(-1). Let x = 9 - 1. Calculate the remainder when g/10 + 4/10 is divided by x.
7
Suppose 3*l = l + 4. Suppose 3*w - l = 4*q, -4*w - 2*q + 17 = 7. Let z(i) = 9*i**2 - i - 1. What is the remainder when z(w) is divided by 17?
16
Let v be (-303)/9 + 1/(-3). Let n = v + 50. Suppose 0 = -4*g + 4*j + 264, 0 = g + 2*g + 5*j - 174. What is the remainder when g is divided by n?
15
Suppose 9*x = 5*x + 5*i + 39, -3*x + 63 = 3*i. Calculate the remainder when 94 is divided by x.
14
Suppose 3*r - 79 = -b, 0 = 3*r - b - 142 + 53. What is the remainder when 82 is divided by r?
26
Suppose -3*g + o - 8 = -51, 4*o + 60 = 4*g. What is the remainder when (-367)/(-9) - (-2)/9 is divided by g?
13
Calculate the remainder when 52 is divided by (4/22)/1 - 152/(-11).
10
Suppose -2*f = a - 0*f - 40, 4*a - 5*f = 225. Let y = 33 - 16. What is the remainder when a is divided by y?
16
Let i(m) = -m**2. Let h(y) = -3*y**2 + y - 4. Let v(n) = h(n) - 4*i(n). Let o = 31 - 17. Calculate the remainder when v(5) is divided by o.
12
Let k = 10 + -2. What is the remainder when (6/(-5))/((-18)/225) is divided by k?
7
Let t(u) = u**2 - 6*u + 2. Let g be t(6). Suppose -5*a - g = -37. Suppose -z = -2*p + 7, 15 = 4*p - 4*z + 3. Calculate the remainder when a is divided by p.
3
Let u = 18 + -6. Suppose 5*w = -15, w + 4*w = n - 38. What is the remainder when n is divided by u?
11
Suppose -10*d = -15*d + 230. Suppose 0 = -m + d - 18. What is the remainder when m is divided by 17?
11
Let b = 309 + -204. Calculate the remainder when b is divided by 36.
33
Let u(n) be the third derivative of n**4/8 - 5*n**3/6 + 4*n**2. Calculate the remainder when 53 is divided by u(11).
25
Suppose -3*i + 5*h - 13 = -2*i, 2*i - 2*h = -2. Suppose -2*f = 2*u + 3*f - 36, 5*f - 20 = 0. Calculate the remainder when u is divided by i.
0
Suppose 0 = 2*n + 2*n - 12. Suppose -n*p + 188 = 68. Suppose 6*s - s = p. Calculate the remainder when 15 is divided by s.
7
Suppose 5*z + 7 = 4*z. Let g(p) = 1 - 4*p + 1 + 2*p. Calculate the remainder when g(z) is divided by 6.
4
Let g(s) = s**3 + 5*s**2 - 8*s - 3. Suppose -8 = f - 2. Calculate the remainder when 25 is divided by g(f).
7
Let z(b) = -b + 13. Let p be z(11). Calculate the remainder when (p/4)/(3/42) is divided by 2.
1
Suppose -2*m - 6 = -16. Let r = 2 + 0. Let z = 0 + r. Calculate the remainder when m is divided by z.
1
Suppose 12 = 4*g, 2*f - 3*f + 5*g + 10 = 0. What is the remainder when f is divided by 13?
12
Suppose p - 28 = -5*a + 8, 24 = p - a. What is the remainder when p is divided by 14?
12
Suppose -44*g + 41*g = -93. Calculate the remainder when 92 is divided by g.
30
Suppose 196 = 4*w - 2*f, -6*w + 5*w + 40 = -5*f. Let l be -4*(-3)/6*-19. Let h = -21 - l. Calculate the remainder when w is divided by h.
16
Suppose h + 4*m - 60 = 5*h, 0 = -4*h + 2*m - 54. Let i be (0 + 9/4)*h. Let p = -16 - i. What is the remainder when 32 is divided by p?
10
Suppose d - 3*n = 5*d - 77, 0 = 2*d - 2*n - 56. Calculate the remainder when d is divided by 8.
7
Let j be 30/(-3)*(-1)/2. Suppose -p + j = 4*p + 5*r, 0 = -p + 4*r + 26. What is the remainder when p is divided by 3?
0
Let h(o) = o**3 + 3*o**2 - 4*o + 5. Let u be h(-4). Let f = 18 + u. Suppose -f = -r + 27. Calculate the remainder when r is divided by 17.
16
Calculate the remainder when 63 is divided by -8 - -4 - (-21 + 1).
15
Suppose 0 - 5 = 5*a - 5*c, -2*a - 17 = -5*c. Let r be (-21)/(-14)*8/6. Suppose -4 + r = -l. Calculate the remainder when a is divided by l.
0
Suppose -32 - 40 = -6*y. What is the remainder when 32 is divided by y?
8
Suppose -53*o + 57*o = 932. Calculate the remainder when o is divided by 47.
45
Let b(i) = -6*i + 7. Let d be b(5). Let w = d - -61. Let y = 54 + -34. Calculate the remainder when w is divided by y.
18
Let k be 4/6 + (-124)/6. Let v = k - -23. Calculate the r